09. Calculate n(1).
22
Let z(i) = -i**3 - 220*i**2 - 11739*i + 337. What is z(-129)?
337
Let n(u) = 49183*u + 295083. Determine n(-6).
-15
Let l(d) = -6*d**3 + 177*d**2 + 669*d - 12089. Give l(31).
1
Let u(b) = -5697*b - 56828. Give u(-10).
142
Let i(c) = -c**2 - 45*c + 694. Determine i(-63).
-440
Let m(o) = 5*o**2 + 232*o - 4976. Determine m(23).
3005
Let h(z) = -11096*z - 210610. Calculate h(-19).
214
Let t(y) = -y**3 + 28*y**2 - 134*y - 98. What is t(7)?
-7
Let b(t) = 88*t**2 + 358*t + 26. Give b(-5).
436
Let g(l) = -l**2 - 209*l - 9983. What is g(-78)?
235
Let j(m) = -348*m + 42940. What is j(123)?
136
Let o(a) = -a**3 + 54*a**2 - 615*a + 96. Give o(38).
-170
Let a(v) = 185*v**2 - 4790*v - 527. Determine a(26).
-7
Let t(v) = -125*v**3 - 56*v**2 - 41*v - 8. Give t(-1).
102
Let l(h) = -360*h**2 - 114*h - 152. What is l(-1)?
-398
Let j(c) = -3*c**3 + 280*c**2 - 347*c + 161. Calculate j(92).
2093
Let c(l) = 11*l**2 - 1659*l + 42596. Determine c(118).
-2
Let i(f) = 797*f + 7300. Determine i(-7).
1721
Let n(r) = r**2 + 70292*r + 3. What is n(0)?
3
Let q(b) = -3*b**3 + 21*b**2 + 33*b - 319. Calculate q(6).
-13
Let s(m) = 3492*m - 548196. Calculate s(157).
48
Let h(o) = 35079*o - 561274. Calculate h(16).
-10
Let w(d) = 12*d**3 - 70*d**2 + 135*d - 28. Determine w(5).
397
Let q(f) = -98*f**2 - 739*f - 1319. Give q(-7).
-948
Let v(t) = 4*t**3 + 81*t**2 - 165*t + 65. What is v(-22)?
307
Let h(v) = -461*v - 65007. What is h(-141)?
-6
Let d(i) = i**3 - 293*i**2 + 7426*i - 71. Give d(28).
97
Let h(t) = t**3 + 3*t**2 - 191*t - 629. What is h(-14)?
-111
Let z(n) = 34225*n + 4. Determine z(0).
4
Let z(h) = 2*h**2 + 378*h + 17358. What is z(-111)?
42
Let m(w) = 23974*w - 5226339. What is m(218)?
-7
Let m(b) = -b**3 + 18*b**2 - 29*b - 4. Give m(15).
236
Let o(g) = 4637*g - 1205641. Calculate o(260).
-21
Let j(b) = -3740*b + 7476. Give j(2).
-4
Let m(l) = 7*l**2 - 206*l - 209. What is m(-1)?
4
Let y(g) = -2*g**3 - 138*g**2 - 797*g + 1333. Give y(-62).
-3069
Let u(s) = -4*s**3 + 5*s**2 - 54*s - 50. Calculate u(-6).
1318
Let o(p) = -3*p**3 + 29*p**2 + 767*p - 6885. Determine o(9).
180
Let q(t) = -341*t - 9611. Determine q(-37).
3006
Let j(m) = 6754*m - 4498. What is j(1)?
2256
Let t(m) = -3*m**2 + 120*m + 292. What is t(30)?
1192
Let v(d) = d**3 + 15*d**2 + 2*d - 590. Give v(-16).
-878
Let u(j) = -4*j**2 - 491*j + 178. Determine u(-124).
-442
Let k(t) = 97*t + 1618. Calculate k(-18).
-128
Let a(i) = 2*i**2 + 177011*i - 12223285. Calculate a(69).
-4
Let l(w) = 30*w**2 + 515*w + 1622. Give l(-13).
-3
Let y(j) = 302*j - 5624. Give y(21).
718
Let h(i) = 61189*i + 61227. Determine h(-1).
38
Let w(a) = a**3 - 562*a**2 + 2138*a + 52397. Calculate w(558).
-55
Let z(c) = -13364*c - 40068. Calculate z(-3).
24
Let t(s) = 238*s - 13837. What is t(58)?
-33
Let i(u) = -217*u**2 - 10721*u - 10724. Determine i(-1).
-220
Let q(s) = 2*s**3 - 31*s**2 - 60*s + 59. What is q(17)?
-94
Let y(k) = k**3 + 112*k**2 + 164*k - 6239. Determine y(-110).
-79
Let o(z) = -12*z**3 - 60*z**2 - 22*z - 11. Determine o(-4).
-115
Let d(s) = -3263*s + 35663. What is d(11)?
-230
Let v(z) = -22*z**2 - 12790*z - 17406. What is v(-580)?
-6
Let o(u) = u**3 + 136*u**2 - 959*u - 94224. What is o(-138)?
30
Let s(f) = -f**3 - 67*f**2 + 496*f - 372. What is s(6)?
-24
Let b(n) = 329*n + 8417. Determine b(-29).
-1124
Let u(k) = 643*k - 14371. Give u(22).
-225
Let z(h) = 55*h**2 - 6852*h + 6851. What is z(1)?
54
Let l(i) = -34*i**2 + 223*i + 42. Give l(8).
-350
Let h(x) = -15*x**2 + 854*x + 3747. What is h(61)?
26
Let b(u) = 6796*u + 95203. Calculate b(-14).
59
Let m(p) = 14*p**3 - 5*p**2 - 23*p + 188. Calculate m(6).
2894
Let h(n) = n**3 + 230*n**2 + 1116*n - 2029. Give h(-225).
-4
Let z(p) = -p**3 + 59*p**2 - 5370*p + 316832. What is z(59)?
2
Let u(n) = 44*n**2 - 297*n + 1687. Determine u(6).
1489
Let b(h) = h**2 - 38689*h - 1898153. Give b(-49).
9
Let h(u) = 2*u**3 - 36*u**2 - 1073*u - 34. Determine h(-16).
-274
Let i(q) = -1589*q + 166. Calculate i(-1).
1755
Let k(f) = f**3 + 1073*f**2 - 11912*f - 5. Calculate k(11).
127
Let i(z) = -4051*z - 133026. What is i(-33)?
657
Let x(w) = -29706*w - 6832380. What is x(-230)?
0
Let k(g) = 12*g**3 - 2784*g**2 - 2790*g - 1389. What is k(233)?
9
Let i(x) = 3*x**2 + 37462*x + 74915. Calculate i(-2).
3
Let v(f) = 209*f**3 + f**2 + 72*f - 71. Calculate v(1).
211
Let z(s) = 3692*s - 26006. What is z(7)?
-162
Let i(l) = -l**3 - 129*l**2 + 963*l + 1494. What is i(-136)?
-2
Let l(t) = 3*t**3 + 4864*t**2 + 24251*t + 4. Calculate l(-5).
-26
Let j(g) = -g**3 - 46*g**2 - 167*g - 1245. What is j(-43)?
389
Let d(c) = -7*c**2 - 817*c - 3967. Calculate d(-111).
473
Let f(x) = 110724*x + 996487. Determine f(-9).
-29
Let b(v) = 6809*v + 224672. Calculate b(-33).
-25
Let a(n) = n**2 + 101*n + 1480. What is a(-13)?
336
Let v(s) = 36871*s - 405607. Give v(11).
-26
Let t(i) = 4*i**3 - 43*i**2 + 4*i - 140. Calculate t(10).
-400
Let l(f) = 2*f**3 + 29*f**2 - 932*f - 6216. Determine l(-6).
-12
Let h(t) = 8*t**3 - 95*t**2 + 445*t + 75. Determine h(5).
925
Let k(z) = -107*z - 21831. Give k(-204).
-3
Let p(n) = -n**3 + 68*n**2 + 308*n + 4091. Calculate p(73).
-70
Let k(b) = -b**2 + 2715*b - 77807. Calculate k(29).
87
Let d(g) = -g**3 + 11*g**2 + 231*g - 1852. Determine d(18).
38
Let h(r) = -r**3 + 356*r**2 + 3643*r - 78. Give h(-10).
92
Let h(w) = -w**3 + 10*w**2 + 50130*w + 449634. Determine h(-9).
3
Let x(m) = -12678*m + 12668. Determine x(1).
-10
Let j(h) = h**2 - 137*h - 52186. Calculate j(307).
4
Let b(y) = -y**3 + 21*y**2 - 184*y + 728. What is b(6)?
164
Let n(c) = -1054*c + 138419. What is n(126)?
5615
Let i(x) = 102*x + 8522. Calculate i(-81).
260
Let i(m) = -2*m**3 + 122*m**2 + 227*m + 1729. Give i(63).
154
Let t(q) = q**2 + 33769*q - 709571. Determine t(21).
19
Let k(b) = -7*b**3 - 255*b**2 + 706*b + 173. Determine k(-39).
17
Let h(o) = 29*o**2 + 109*o + 256. What is h(-5)?
436
Let b(s) = -108*s**3 - 651*s**2 + 9*s + 157. Determine b(-6).
-5
Let i(o) = -572*o + 552. Determine i(3).
-1164
Let b(q) = -7262*q - 7385. Calculate b(-1).
-123
Let c(k) = -31*k**2 - 218*k + 25. Calculate c(-6).
217
Let z(c) = 2*c**2 - 1056194*c - 3168603. Determine z(-3).
-3
Let z(u) = 3235*u - 649. Determine z(0).
-649
Let l(f) = 17597*f - 70888. What is l(4)?
-500
Let q(m) = -9*m**2 + 206*m - 1183. Give q(10).
-23
Let z(g) = g**3 + 289*g**2 + 8071*g + 2261. What is z(-31)?
-2
Let j(q) = -q**2 - 15017*q + 105171. Determine j(7).
3
Let q(k) = -7*k**2 - 400*k + 1688. Calculate q(-61).
41
Let c(q) = q**3 - 969*q**2 - 2905*q - 2. Give c(-3).
-35
Let c(b) = -428*b + 1252. Determine c(7).
-1744
Let j(x) = -4*x**2 - 68*x + 16. What is j(-17)?
16
Let b(l) = l**3 + 59*l**2 + 125*l + 7475. Calculate b(-59).
100
Let p(v) = -1159*v - 220240. Determine p(-190).
-30
Let j(a) = -67*a**2 - 423*a + 420. Give j(1).
-70
Let y(o) = -28*o**2 + 18*o + 53. Determine y(3).
-145
Let d(v) = -3*v**2 + 203*v - 411. Calculate d(63).
471
Let d(h) = h**3 - 72*h**2 + 167*h + 2766. Calculate d(69).
6
Let c(s) = 661*s - 130247. Calculate c(197).
-30
Let c(o) = -o**2 + 68*o + 9204. What is c(-65)?
559
Let a(s) = -83*s**2 + 1757*s - 351. Give a(21).
-57
Let z(c) = -795*c + 150204. Give z(189).
-51
Let w(g) = 2*g**2 + 755*g - 5239. Determine w(7).
144
Let d(y) = -y**3 - 10*y**2 + 112*y + 62. Calculate d(-17).
181
Let p(l) = -l**3 - 15*l**2 + 249*l + 2401. Give p(14).
203
Let y(x) = -2894*x + 888459. Give y(307).
1
Let l(q) = -2*q**3 - 94*q**2 - 117*q - 1021. Determine l(-46).
129
Let q(t) = 7*t**2 + 154*t - 49. Give q(-22).
-49
Let r(v) = 10223*v - 81779. What is r(8)?
5
Let s(h) = 58*h + 7073. Calculate s(-116).
345
Let j(o) = -5*o**3 - 22*o**2 + 1380*o + 5525. Determine j(-4).
-27
Let h(g) = -g**3 + 42*g**2 - 371*g + 512. What is h(8)?
-280
Let i(y) = 20*y + 340. Determine i(-29).
-240
Let y(j) = j**3 + 8*j**2 + 165*j + 2986. Calculate y(-13).
-4
Let g(y) = y**3 + 15*y**2 - 243*y + 688. Determine g(5).
-27
Let q(b) = -b**3 + 27*b**2 + 152*b - 1487. Determine q(13).
2855
Let t(b) = b**3 + 75*b**2 + 126*b - 1244. What is t(-73)?
216
Let m(y) = y**2 - 489*y + 138. What is m(0)?
138
Let m(l) = -l**3 + 42*l**2 + 2266*l - 6894. What is m(-33)?
3
Let g(n) = 51*n + 122. What is g(-2)?
20
Let h(p) = 3903*p - 113193. What is h(29)?
-6
Let b(o) = 4*o**3 